ed by 22?
21
What is the remainder when 5471 is divided by 228?
227
Calculate the remainder when 139 is divided by 10.
9
Calculate the remainder when 339 is divided by 169.
1
What is the remainder when 553 is divided by 37?
35
Calculate the remainder when 6446 is divided by 2148.
2
What is the remainder when 30398 is divided by 54?
50
What is the remainder when 569 is divided by 22?
19
Calculate the remainder when 329 is divided by 25.
4
What is the remainder when 127 is divided by 16?
15
Calculate the remainder when 1010 is divided by 44.
42
What is the remainder when 202 is divided by 75?
52
Calculate the remainder when 6135 is divided by 99.
96
What is the remainder when 315 is divided by 8?
3
Calculate the remainder when 12525 is divided by 8.
5
What is the remainder when 3193 is divided by 3?
1
Calculate the remainder when 2650 is divided by 156.
154
What is the remainder when 343 is divided by 49?
0
What is the remainder when 41 is divided by 15?
11
What is the remainder when 395 is divided by 41?
26
Calculate the remainder when 439 is divided by 34.
31
What is the remainder when 1286 is divided by 40?
6
What is the remainder when 32 is divided by 13?
6
Calculate the remainder when 63 is divided by 22.
19
Calculate the remainder when 87 is divided by 8.
7
What is the remainder when 2317 is divided by 9?
4
Calculate the remainder when 1426 is divided by 24.
10
What is the remainder when 112 is divided by 25?
12
Calculate the remainder when 100 is divided by 51.
49
Calculate the remainder when 550 is divided by 51.
40
Calculate the remainder when 76 is divided by 35.
6
What is the remainder when 211 is divided by 7?
1
What is the remainder when 134 is divided by 36?
26
What is the remainder when 2130 is divided by 707?
9
What is the remainder when 321 is divided by 23?
22
What is the remainder when 3458 is divided by 77?
70
What is the remainder when 142 is divided by 48?
46
Calculate the remainder when 698 is divided by 20.
18
What is the remainder when 54 is divided by 11?
10
Calculate the remainder when 729 is divided by 21.
15
Calculate the remainder when 304 is divided by 14.
10
What is the remainder when 156 is divided by 22?
2
Calculate the remainder when 557 is divided by 23.
5
What is the remainder when 67 is divided by 37?
30
What is the remainder when 204 is divided by 52?
48
Calculate the remainder when 669 is divided by 61.
59
What is the remainder when 1586 is divided by 30?
26
What is the remainder when 57 is divided by 15?
12
What is the remainder when 485 is divided by 470?
15
Calculate the remainder when 212 is divided by 58.
38
Calculate the remainder when 605 is divided by 19.
16
What is the remainder when 524 is divided by 143?
95
What is the remainder when 1363 is divided by 15?
13
What is the remainder when 1558 is divided by 224?
214
Calculate the remainder when 179 is divided by 6.
5
What is the remainder when 314 is divided by 96?
26
What is the remainder when 105 is divided by 12?
9
What is the remainder when 351 is divided by 11?
10
What is the remainder when 624 is divided by 35?
29
Calculate the remainder when 589 is divided by 87.
67
Calculate the remainder when 573 is divided by 36.
33
Calculate the remainder when 1692 is divided by 81.
72
Calculate the remainder when 103 is divided by 23.
11
Calculate the remainder when 134 is divided by 8.
6
Calculate the remainder when 62 is divided by 7.
6
What is the remainder when 604 is divided by 164?
112
Calculate the remainder when 33857 is divided by 162.
161
What is the remainder when 1257 is divided by 116?
97
Calculate the remainder when 135 is divided by 10.
5
Calculate the remainder when 890 is divided by 27.
26
Calculate the remainder when 440 is divided by 207.
26
Calculate the remainder when 43 is divided by 24.
19
Calculate the remainder when 493 is divided by 72.
61
Calculate the remainder when 1333 is divided by 45.
28
What is the remainder when 416 is divided by 140?
136
Calculate the remainder when 296 is divided by 20.
16
Calculate the remainder when 643 is divided by 14.
13
Calculate the remainder when 1890 is divided by 44.
42
What is the remainder when 47 is divided by 12?
11
Calculate the remainder when 428 is divided by 187.
54
What is the remainder when 202 is divided by 12?
10
What is the remainder when 986 is divided by 90?
86
What is the remainder when 7601 is divided by 6?
5
What is the remainder when 318 is divided by 47?
36
What is the remainder when 2306 is divided by 77?
73
Calculate the remainder when 862 is divided by 36.
34
Calculate the remainder when 627 is divided by 18.
15
What is the remainder when 335 is divided by 108?
11
Calculate the remainder when 79 is divided by 6.
1
What is the remainder when 661 is divided by 51?
49
Calculate the remainder when 24 is divided by 2.
0
What is the remainder when 289 is divided by 58?
57
Calculate the remainder when 5693 is divided by 154.
149
What is the remainder when 3067 is divided by 5?
2
Calculate the remainder when 12 is divided by 9.
3
Calculate the remainder when 801 is divided by 43.
27
What is the remainder when 2848 is divided by 1?
0
What is the remainder when 6261 is divided by 10?
1
Calculate the remainder when 858 is divided by 86.
84
What is the remainder when 28 is divided by 12?
4
Calculate the remainder when 169 is divided by 92.
77
Calculate the remainder when 916 is divided by 38.
4
Calculate the remainder when 147 is divided by 38.
33
Calculate the remainder when 2583 is divided by 8.
7
What is the remainder when 1257 is divided by 79?
72
What is the remainder when 436 is divided by 11?
7
What is the remainder when 214 is divided by 71?
1
What is the remainder when 183 is divided by 32?
23
Calculate the remainder when 5318 is divided by 133.
131
Calculate the remainder when 539 is divided by 399.
140
What is the remainder when 499 is divided by 85?
74
Calculate the remainder when 7447 is divided by 36.
31
What is the remainder when 727 is divided by 52?
51
Calculate the remainder when 54 is divided by 54.
0
Calculate the remainder when 61 is divided by 34.
27
Calculate the remainder when 21483 is divided by 262.
261
What is the remainder when 1524 is divided by 45?
39
What is the remainder when 436 is divided by 244?
192
What is the remainder when 439 is divided by 92?
71
What is the remainder when 123 is divided by 13?
6
Calculate the remainder when 5323 is divided by 148.
143
What is the remainder when 127 is divided by 30?
7
What is the remainder when 10865 is divided by 11?
8
What is the remainder when 132 is divided by 35?
27
Calculate the remainder when 5205 is divided by 14.
11
Calculate the remainder when 52 is divided by 3.
1
What is the remainder when 72 is divided by 22?
6
What is the remainder when 5470 is divided by 48?
46
What is the remainder when 201 is divided by 96?
9
What is the remainder when 223 is divided by 7?
6
What is the remainder when 688 is divided by 23?
21
What is the remainder when 3655 is divided by 15?
10
What is the remainder when 90 is divided by 27?
9
Calculate the remainder when 212 is divided by 47.
24
What is the remainder when 294 is divided by 33?
30
Calculate the remainder when 35 is divided by 25.
10
Calculate the remainder when 784 is divided by 140.
84
Calculate the remainder when 320 is divided by 125.
70
Calculate the remainder when 99 is divided by 6.
3
Calculate the remainder when 263 is divided by 39.
29
Calculate the remainder when 408 is divided by 69.
63
Calculate the remainder when 127 is divided by 49.
29
What is the remainder when 6254 is divided by 16?
14
What is the remainder when 190 is divided by 66?
58
Calculate the remainder when 1889 is divided by 154.
41
Calculate the remainder when 324 is divided by 81.
0
What is the remainder when 116 is divided by 12?
8
Calculate the remainder when 8170 is divided by 12.
10
Calculate the remainder when 503 is divided by 36.
35
Calculate the remainder when 4101 is divided by 316.
309
Calculate the remainder when 599 is divided by 15.
14
What is the remainder when 117 is divided by 99?
18
Calculate the remainder when 991 is divided by 298.
97
Calculate the remainder when 1588 is divided by 133.
125
Calculate the remainder when 4257 is divided by 71.
68
Calculate the